 - 4 = u. Let x = -2 - m. What is the units digit of 7 + (x - -1)/2?
6
Suppose -3*g + 74 = -2*g. What is the tens digit of g?
7
Let q(k) = 7*k - 9. Let n be q(6). Suppose 0 = 2*t + g - n, -3*t + 90 = 2*t + g. Suppose -2*j = -2*x - 30, 0 = -3*x - t + 4. What is the units digit of j?
0
Suppose 0 = -b + 2*b - m - 2, 0 = b - 3*m - 2. Let d(x) = 0 + 6*x - 1 - b*x. What is the units digit of d(1)?
3
Let j = 182 + -85. What is the tens digit of j?
9
Let h(a) = -a**3 - 7*a**2 - 4*a + 5. Let v(p) = -p**2 - p + 1. Let c(w) = -h(w) - v(w). What is the units digit of c(-7)?
8
What is the hundreds digit of 145*1 - (-14 + 19)?
1
Suppose -3 = 2*b + 2*x - 5, 2*b = 2*x + 10. Suppose -4*o + o - b = 0. Let y(d) = -7*d + 1. What is the units digit of y(o)?
8
Let l = 28 - -59. What is the tens digit of l?
8
Let w be 2/5 - (-228)/5. Let z = w - -1. Suppose 11 = -4*j + z. What is the units digit of j?
9
Suppose 0 = 2*w + 5 - 13. What is the units digit of w?
4
Suppose 12 = -3*d - 3*l, 12 = -3*d + 5*d - 3*l. Suppose d = a + a - 14. Suppose -u = -v + a, -v - 3*v - u + 48 = 0. What is the units digit of v?
1
Let s(l) = 2*l**2 - l**2 + 3*l**2 - 3*l**2 + 1 - l. What is the units digit of s(-4)?
1
Let o(g) = 11*g**2 + 6*g - 1. What is the hundreds digit of o(4)?
1
Let h = 26 + 125. What is the hundreds digit of h?
1
Suppose 1 - 6 = -i. Suppose -17 - 8 = 5*l, -9 = -4*h + i*l. What is the units digit of (-207)/(-45) + h/(-10)?
5
Let p = -3 + 3. Suppose -4*o + 2*o = p. Suppose o = 5*q - 3*r - 10, 6 = 3*q + 4*r - 0*r. What is the units digit of q?
2
Let k(u) = -u + 4. Suppose -t - 3*t = 12. What is the units digit of k(t)?
7
Let x(y) = -10*y**3 - 2*y**2 + y + 2. What is the units digit of x(-1)?
9
What is the units digit of 6/(-14) - (-684)/126?
5
Suppose 2*z - 288 = -5*a, 4*a - 576 = -2*z - 2*z. What is the tens digit of z?
4
Let t be 0 + (4 - 2 - 0). Suppose -4*m + t*m = 12. What is the units digit of (21/m)/((-3)/6)?
7
Suppose -20 = -p + 74. What is the units digit of p?
4
Suppose -2*s = 2*s. Suppose 4*x = -l - 6, 0 = -4*l + 3*x - s*x + 14. What is the units digit of l?
2
Let q(h) = 5*h - 2*h + 2*h - 4*h. Let y be q(-2). What is the units digit of y*(1 - 5/2)?
3
Suppose -6*l + l + 5*z = 50, 4*z = l - 2. What is the units digit of 122/14 - 4/l?
9
Let h(j) = -8*j**3 + 2*j**2 + 2*j. What is the tens digit of h(-2)?
6
Let x = -48 - -50. Suppose -3*l - 5*n + 97 = 0, -n = -l + 4*n - 1. Suppose r = -4*y + l, y + 2*r + 9 = -x*r. What is the units digit of y?
7
Suppose 7*a = 607 + 16. What is the tens digit of a?
8
Let j = -32 - -48. Suppose -5*x = -j - 19. What is the units digit of x?
7
Let u(b) be the first derivative of b**4/4 - b**3/3 - b**2/2 + 3*b - 3. What is the units digit of u(0)?
3
Let v be 55/5 + 3/1. Suppose o - v = 7. What is the tens digit of o?
2
Let c(z) = z + 10. Let b be c(-8). Suppose 0 = b*q - q - 3. What is the units digit of q?
3
What is the tens digit of 84/5*100/40?
4
Let q be -8*(1 - (-6)/(-4)). Let t(r) = -r + 1. Let s be t(-8). Suppose 0 = -s*m + q*m + 5. What is the units digit of m?
1
Suppose -a + 12 = -4*p, -5*p + 2*p + 3*a = 0. Let n = p - -3. What is the units digit of n/(-2)*(21 + -3)?
9
Suppose 0 = -u - 5 + 12. Let k(h) = -7 + u*h + h + 0*h - h**2. What is the units digit of k(5)?
8
Let c(w) = -w**3 + 5*w**2 + 6*w + 3. Let n be c(6). Suppose 0 = n*o - 51 - 0. What is the units digit of o?
7
Let o(j) = j**2 - 6*j + 9. Let b = -2 - -17. Let d = b - 9. What is the units digit of o(d)?
9
Suppose -s - 3*s = -80. What is the units digit of s?
0
Let x be -3 + (2 - 2121/(-3)). What is the units digit of x/26 + (-8)/52?
7
Let j(z) = 2*z - 3. Let v be j(3). What is the units digit of (-3 + 0)*(-1)/v?
1
What is the tens digit of (-266)/28*(-2)/1?
1
Suppose 5*t - 220 = -0*t. What is the tens digit of t?
4
Let x be (-8)/4*14/4. Let v = -2 - x. Suppose 2*j - 4*w - 18 = 8, v*j - 43 = -w. What is the units digit of j?
9
Let b = 137 + -78. What is the tens digit of b?
5
Let f = -104 - -262. What is the hundreds digit of f?
1
Let a(d) = 2*d**3 - 3*d**2 + 2*d - 2. Let n be a(2). Suppose -9 = -c + m, 36 = 3*c - 4*m + n. What is the units digit of c?
6
Let p(l) = -l**3 + 7*l**2 + 6*l + 13. What is the tens digit of p(7)?
5
What is the units digit of -4 - -6 - (-1 + 36*-1)?
9
Suppose p = 4*p - 18. What is the units digit of p/(1/2 - -1)?
4
Let p be (-6)/(-9)*27/6. Suppose 0 = p*x - 17 - 25. What is the tens digit of x?
1
Let o be (3 - 122) + -3 + 2. Let n = -85 - o. What is the units digit of n?
5
Let a(u) = u**3 + 2*u**2 + 3*u - 3. What is the units digit of a(4)?
5
Let n = -76 - -110. What is the tens digit of n?
3
Let k(y) = -y**3 + 5*y**2 + 8*y - 10. What is the units digit of k(6)?
2
Let i = 11 - -3. What is the units digit of 270/i - (-14)/(-49)?
9
Let s(x) = 43*x**3 + x. Let y be s(1). Suppose d - y = -3*d. What is the tens digit of d?
1
Let t(j) = -5*j**2 + 1. Let v(x) = -x**3 + x**2 - x + 1. Let n(o) = -t(o) - v(o). Let s be n(-3). Suppose -3 = -s*d + 17. What is the units digit of d?
5
Let s = -2 + 0. Let z = 48 - s. What is the units digit of z?
0
Let l be (196/(-70))/(1/(-5)). Let q = 36 - l. What is the tens digit of q?
2
Suppose -3*h = -5 - 7. Suppose -y - 4*y + h*t + 125 = 0, -4*t = 5*y - 125. What is the tens digit of y?
2
Suppose 2*s + 1 = 5. Suppose -30 - 22 = -s*r. What is the units digit of r?
6
Let w(k) = -k. Suppose -12 = 2*d - 0. What is the units digit of w(d)?
6
Let n be 12*21/12*6. Suppose n = -3*u + 6*u. What is the tens digit of u?
4
Let y(o) = 15*o - 1. Let h = 11 - 10. What is the tens digit of y(h)?
1
Let t = 44 - -122. What is the tens digit of t?
6
Let w(d) = d + 10. Let o be w(-9). What is the units digit of (11 - -24) + 2*o?
7
Suppose -y = 9*y - 1610. What is the units digit of y?
1
Suppose v + 1 = 9. Suppose p - y = 4*y + 10, -4*p - 4*y = v. Suppose 36 = 4*a + 4*n, 3*n + p - 7 = -a. What is the units digit of a?
0
Let y(k) = -k**3 - 4*k**2 - 3*k + 17. What is the tens digit of y(-7)?
8
Let y(d) = -d**3 - 3*d**2 - d + 2. Let u be y(-2). What is the units digit of -2*(42/(-4) + u)?
1
Let m(d) = -5*d - 2. Let r(a) = 2*a + 1. Let y(u) = -6*m(u) - 11*r(u). What is the units digit of y(1)?
9
Let g(c) = -c**2 - 10*c - 4. What is the tens digit of g(-8)?
1
Suppose 0*z - 5*f + 24 = 3*z, -5*z + 53 = 4*f. What is the tens digit of z?
1
Let w = 48 - -93. What is the hundreds digit of w?
1
Let k = -20 + 28. What is the units digit of k?
8
Let b = -17 - 5. Let t = -4 - b. What is the units digit of t?
8
Let b(d) = -5*d + 5 + d - 6*d - 10. What is the tens digit of b(-4)?
3
Let x(s) = 3*s**2 + 10*s + 3. Let l(f) = -6*f**2 - 21*f - 7. Let u(d) = 6*l(d) + 13*x(d). What is the tens digit of u(2)?
1
Suppose 4*o + 5 = 4*r + 17, -2*o - 4*r - 6 = 0. What is the tens digit of -50*(o - (-14)/(-10))?
2
Suppose -3*r + 21 = o, -3*r + 0*r = -3*o + 75. Suppose o = 4*g - g. What is the units digit of g?
8
Let y(z) = -2*z - 8. Let v be y(-6). What is the units digit of ((-3 - -2) + v)*11?
3
Let r(k) = k**2 + 2*k. Let a = -16 + 12. What is the units digit of r(a)?
8
Let y(t) = -t + 11. Let d be y(8). Let i = -4 - -31. Suppose 3*o - z = i, d*o + z = o + 13. What is the units digit of o?
8
Suppose -3*n = x - 3*x - 170, 3*n + 5*x - 184 = 0. What is the units digit of n?
8
Suppose -8 + 4 = 4*l. What is the tens digit of (-2 + -1 - l)*-10?
2
Suppose 1 + 4 = 5*g. What is the units digit of (1 - -14)*g + 0?
5
Let d = 7 + -3. Let p be 1/((28/(-12))/7) - -63. Suppose 0 = d*s + 16 - p. What is the tens digit of s?
1
Suppose -19*r + 115 = -18*r. What is the units digit of r?
5
Let v be (6/2)/((-4)/(-4)). Let y = 5 - v. Suppose q - 3*j = y*q - 26, -4*j = q - 30. What is the units digit of q?
4
What is the tens digit of 85 - 2*(-4)/4 - 3?
8
Suppose 3*l - 5*l + d = 3, -6 = 2*l - 4*d. Let t(p) = 15*p**2 + 1. What is the units digit of t(l)?
6
Suppose 33 = 13*c - 10*c. What is the units digit of c?
1
Suppose 0 = 2*l - 4*l + 46. What is the tens digit of l?
2
Let b(d) = d**3 - d**2 + d - 3. Let f be b(3). Suppose 5*x - 2 = f. Suppose -x*v + 22 = -18. What is the tens digit of v?
1
Let x = -9 + 13. Suppose -8*t + 16 = -x*t. Suppose t = -0*s + 2*s. What is the units digit of s?
2
Suppose 0 = 5*q - 0*y - 3*y - 645, q + 3*y = 147. What is the tens digit of q?
3
Let c be 26/(-4) +